013
Convert 15683 (base 16) to base 6.
1513535
What is -edf2d (base 16) in base 11?
-606294
Convert 14c5963 (base 13) to base 7.
110446123
Convert -32012220200 (base 4) to base 16.
-386a20
Convert 3c4fd (base 16) to base 15.
4d2e2
What is -2141455 (base 6) in base 3?
-12102022122
1211201100211 (base 3) to base 14
1b68ab
Convert -1422430 (base 5) to base 16.
-742c
Convert 1001011111100001101 (base 2) to base 4.
1023330031
What is 98aaa5 (base 14) in base 10?
5177289
-74129 (base 11) to base 13
-3a1ab
7388 (base 15) to base 12
12178
1b468 (base 16) to base 2
11011010001101000
What is -23a0 (base 12) in base 5?
-112013
Convert -3046011 (base 8) to base 11.
-500534
Convert -41344331 (base 5) to base 13.
-bc044
-3024410014 (base 5) to base 12
-205904b
201422434 (base 6) to base 2
1101000111111000110110
What is -14523203 (base 7) in base 15?
-1c518b
3e020a (base 16) to base 11
2326182
Convert -114500 (base 13) to base 5.
-101100422
-10044012 (base 5) to base 12
-3ab50
What is b832f (base 16) in base 6?
24100543
Convert -aa944 (base 12) to base 5.
-24212423
What is -1a308 (base 15) in base 13?
-2c93c
Convert -20a392 (base 11) to base 12.
-142458
Convert -1280365 (base 9) to base 14.
-143d45
11035343 (base 7) to base 2
11101000000000010000
Convert 130360431 (base 7) to base 6.
453524043
-5a2717 (base 14) to base 5
-1242031121
Convert 1b18b3 (base 12) to base 14.
c6c99
20200010000 (base 3) to base 2
100000000011100101
-32d54 (base 14) to base 15
-2683d
221100110100 (base 3) to base 15
9cc99
Convert -1144134111 (base 5) to base 13.
-745001
What is -114331034 (base 5) in base 10?
-542644
1492372 (base 11) to base 15
355b28
972343 (base 11) to base 3
2221000002021
What is -47477 (base 12) in base 6?
-2015031
Convert -10724152 (base 8) to base 12.
-948436
196ce (base 16) to base 14
29d4a
Convert 413211143 (base 5) to base 3.
10012002111001
-5650232 (base 7) to base 9
-1277785
Convert -3535378 (base 9) to base 5.
-442210320
Convert -3746267 (base 10) to base 9.
-7038818
What is 31274 (base 14) in base 6?
2312314
Convert -184403 (base 10) to base 12.
-8a86b
Convert 2347470 (base 9) to base 5.
311144023
40066a (base 14) to base 10
2152566
-2130010442 (base 5) to base 14
-85d861
34062541 (base 7) to base 4
23101310233
Convert 6b764 (base 16) to base 13.
12546a
1010000101110100 (base 2) to base 14
110c4
-799578 (base 10) to base 4
-3003031122
Convert -2273bb (base 12) to base 11.
-347643
5055453 (base 6) to base 16
3ad79
What is -233224031 (base 5) in base 11?
-671327
What is 321204020 (base 5) in base 10?
1350510
Convert 10111110101010101011 (base 2) to base 13.
214619
Convert -72084b (base 12) to base 11.
-10097aa
Convert 3887213 (base 11) to base 12.
2306680
Convert 6236440 (base 8) to base 16.
193d20
Convert 61a00 (base 11) to base 8.
260423
Convert 11202210200 (base 3) to base 2.
10110111011001001
What is 3654533 (base 9) in base 6?
110312433
102360244 (base 7) to base 4
113020232200
-13d2e (base 16) to base 5
-10044243
100211101001122 (base 3) to base 2
10011111011001110100001
1242443 (base 5) to base 10
24748
Convert -11000010100100001 (base 2) to base 15.
-1e7b2
What is -45692 (base 11) in base 6?
-1225434
Convert 17a91 (base 12) to base 16.
864d
-20012344 (base 6) to base 9
-1045501
What is -795a2 (base 12) in base 4?
-213130022
Convert 220302532 (base 6) to base 15.
52d4ae
Convert -74603 (base 8) to base 15.
-933c
2033320121 (base 4) to base 8
2177031
-10101101111101011000 (base 2) to base 11
-447380
-264340 (base 9) to base 10
-160659
955b20 (base 12) to base 2
1000111110100100001000
What is -1b97f4 (base 16) in base 2?
-110111001011111110100
Convert 2242010310 (base 5) to base 2.
10011001100100000010011
-1564a5 (base 15) to base 10
-1033805
What is -260762 (base 9) in base 12?
-7759b
-4414132 (base 5) to base 10
-76167
What is 1117124 (base 8) in base 13?
a79ca
What is -491733 (base 15) in base 9?
-6521463
Convert 5472aa7 (base 11) to base 3.
200002011100211
Convert -13321010213 (base 4) to base 3.
-10220002211022
What is -6260cb (base 13) in base 11?
-132a76a
What is -22041103 (base 5) in base 6?
-4024201
-502307 (base 8) to base 9
-271373
-50601611 (base 7) to base 14
-7bb878
-32552004 (base 6) to base 15
-1450b1
Convert -123121353 (base 6) to base 5.
-1102441211
-13ba98 (base 13) to base 11
-2aa943
Convert -12121210102 (base 3) to base 6.
-2212145
Convert 521230 (base 7) to base 13.
31852
Convert 10001010101100001000 (base 2) to base 15.
b34b7
100001110011001001001 (base 2) to base 7
12261643
-21465203 (base 7) to base 2
-111000011001101111001
What is -1101010101100110111101 (base 2) in base 5?
-1343341011
What is 100101011010101011010110 (base 2) in base 8?
45325326
What is 793772 (base 10) in base 15?
10a2d2
233444223 (base 7) to base 15
1400eec
-190a5 (base 15) to base 14
-2180b
What is -3d1a6 (base 14) in base 9?
-250438
103bd6 (base 14) to base 15
ac750
What is 3221243 (base 5) in base 3?
2202212020
What is 1330313310 (base 4) in base 13?
14ba64
Convert 3476026 (base 9) to base 4.
13023030030
Convert 133010342 (base 6) to base 16.
2899d6
504442 (base 6) to base 7
224240
Convert 101202120012112 (base 3) to base 16.
574472
12150899 (base 10) to base 14
1884255
What is 112213203023 (base 4) in base 13?
12c79a6
Convert -2031410022 (base 5) to base 6.
-225210415
What is -e2a6b (base 15) in base 8?
-2572033
Convert 7703076 (base 9) to base 16.
3f1b06
What is 11000000001011001 (base 2) in base 10?
98393
What is -10111001010101100110 (base 2) in base 11?
-47939a
Convert 1d5657 (base 14) to base 7.
11641440
What is -53355350 (base 7) in base 2?
-10001010011001011001001
Convert -49596d (base 16) to base 10.
-4807021
Convert 18b19c (base 15) to base 14.
234000
What is -6832 (base 9) in base 8?
-11673
What is 18b50 (base 15) in base 7?
452514
Convert -95fe2 (base 16) to base 2.
-10010101111111100010
What is 13060bc (base 14) in base 10?
9159638
-1100000011101100011100 (base 2) to base 9
-5846786
What is 10241200 (base 5) in base 9?
142362
What is -4b26 (base 13) in base 5?
-320204
-1400204443 (base 5) to base 4
-31123333002
What is -2100057 (base 9) in base 12?
-461367
-111101010101001111011011 (base 2) to base 11
-9091530
100100010110010000111 (base 2) to base 9
2214725
What is 399314 (base 10) in base 3?
202021202102
Convert -18004633 (base 9) to base 7.
-136551435
3110b5 (base 16) to base 10
3215541
2735311 (base 8) to base 13
20bb7a
Convert 353434 (base 8) to base 13.
42b83
What is 2311031203 (base 4) in base 5?
142222433
What is 2421533 (base 6) in base 2?
11111000111000001
Convert -2a98087 (base 11) to base 7.
-63005440
Convert -100102312 (base 4) to base 13.
-244c0
-3213753 (base 11) to base 7
-66035512
Convert 75aa (base 16) to base 14.
ad98
Convert -11000121121212 (base 3) to base 4.
-20021330123
What is -211130131 (base 4) in base 15?
-3069d
Convert -1811071 (base 9) to base 11.
-6307a1
Convert -1212333002 (base 4) to base 6.
-13012522
What is 490919 (base 11) in base 16?
bdb7a
Convert -615555 (base 8) to base 6.
-4210421
What is -11111111111011100100 (base 2) in base 9?
-1866878
Convert -122211002021 (base 3) to base 2.
-1010101100111110110
Convert 1015003 (base 7) to base 4.
131232220
What is -657508 (base 9) in base 8?
-1376647
Convert -453286 (base 10) to base 5.
-104001121
-52743 (base 12) to base 8
-323243
Convert 201272 (base 8) to base 6.
1230350
331424 (base 5) to base 7
45332
3a15 (base 15) to base 8
30153
What is -21022014 (base 5) in base 11?
-1092a2
What is -2472566 (base 8) in base 10?
-685430
Convert 23312212232 (base 4) to base 12.
105a212
Convert -123001123 (base 4) to base 13.
-3b4c1
What is -210613 (base 9) in base 14?
-3387b
What is -1555533 (base 6) in base 3?
-11201222110
-101111101101100000 (base 2) to base 11
-123909
What is 100120222002 (base 3) in base 10?
188786
Convert -10022120100121 (base 3) to base 6.
-101441541
Convert 70475 (base 8) to base 6.
342113
-21451642 (base 8) to base 6
-242441350
10759a (base 12) to base 6
5335514
-126a4e (base 15) to base 14
-18dc19
Convert 303ea (base 16) to base 15.
3d840
What is 9ea11 (base 16) in base 9?
1200248
287574 (base 10) to base 13
a0b81
What is 120434224 (base 5) in base 4?
2021022112
12f3a5 (base 16) to base 12
4ba919
Convert -2546412 (base 7) to base 3.
-121211022